4 a factor of 4945369?
False
Is 6760600 a multiple of 8?
True
Is 221826401 a multiple of 12?
False
Is 330 a factor of 817656180?
True
Does 55 divide 6945840?
True
Is 117944946 a multiple of 2686?
True
Does 3608 divide 552312640?
True
Does 90 divide 1323016967?
False
Does 1504 divide 7886326?
False
Does 2167 divide 46360798?
True
Is 44681785 a multiple of 15?
False
Does 34 divide 438332284?
True
Does 189 divide 217848582?
True
Is 51700800 a multiple of 30?
True
Is 36983310 a multiple of 966?
True
Is 4804720 a multiple of 436?
True
Does 11 divide 1120721556?
False
Is 1779328350 a multiple of 3150?
False
Is 1230947708 a multiple of 506?
False
Is 96 a factor of 51214080?
True
Is 2 a factor of 34831078?
True
Is 15 a factor of 17426255?
False
Is 44 a factor of 3656109732?
True
Is 13871558 a multiple of 323?
True
Is 13 a factor of 249860750?
False
Is 25 a factor of 340068687?
False
Is 2456 a factor of 7506625750?
False
Does 4725 divide 2581892041?
False
Does 613 divide 50023865?
True
Is 224481140 a multiple of 1780?
True
Is 455690984 a multiple of 49?
True
Does 13 divide 12907076?
True
Is 157399312 a multiple of 249?
False
Is 162819472 a multiple of 1207?
True
Does 172 divide 3149718524?
True
Is 13 a factor of 402297025?
True
Is 17545031 a multiple of 125?
False
Is 18 a factor of 19174662?
True
Is 72512468 a multiple of 5?
False
Is 15803147 a multiple of 19?
False
Is 31363713 a multiple of 130?
False
Is 1177128054 a multiple of 1621?
True
Is 1860 a factor of 28460080?
False
Is 2044 a factor of 1315528?
False
Is 1366 a factor of 34990510?
False
Is 502748120 a multiple of 40?
True
Does 3933 divide 4217249021?
False
Is 5162917 a multiple of 154?
False
Is 107362900 a multiple of 1161?
False
Is 13 a factor of 336975080?
True
Is 2 a factor of 42996563?
False
Is 2524541487 a multiple of 481?
True
Does 51 divide 87956597?
False
Does 2339 divide 22466095?
True
Is 398376237 a multiple of 9199?
False
Is 9349439 a multiple of 17?
True
Is 5 a factor of 35855040?
True
Is 17 a factor of 116807221?
True
Is 22 a factor of 2931045436?
True
Is 5 a factor of 102310240?
True
Is 12 a factor of 56192276?
False
Is 159 a factor of 260610222?
True
Is 1747337670 a multiple of 810?
True
Is 1659509101 a multiple of 15?
False
Does 3527 divide 248204862?
False
Does 108 divide 1446688?
False
Does 113 divide 30136309?
True
Is 18510678 a multiple of 18?
True
Is 31832607 a multiple of 21?
False
Does 9 divide 1706805?
True
Does 1009 divide 343138702?
True
Is 12 a factor of 4081020240?
True
Does 4506 divide 473113552?
False
Does 424 divide 36015856?
False
Does 15 divide 572647680?
True
Is 44313110 a multiple of 11?
False
Is 3 a factor of 37177088?
False
Is 8 a factor of 60116248?
True
Is 16641073 a multiple of 102?
False
Is 892 a factor of 16677236?
False
Is 1379 a factor of 60096948?
False
Is 1787 a factor of 54320345?
False
Is 41376832 a multiple of 32?
True
Is 931 a factor of 626299580?
False
Is 9 a factor of 107049393?
True
Is 879 a factor of 21291138?
True
Does 6 divide 91350144?
True
Is 16 a factor of 1220628480?
True
Is 14999436 a multiple of 289?
False
Is 664 a factor of 1578174510?
False
Is 326731336 a multiple of 999?
False
Is 33923206 a multiple of 32?
False
Is 20 a factor of 92002493?
False
Is 27 a factor of 3065577?
False
Does 3 divide 16724496?
True
Is 101983981 a multiple of 319?
True
Is 8243675 a multiple of 22?
False
Does 10217 divide 1478176066?
False
Is 160657680 a multiple of 9840?
True
Is 2829 a factor of 2947099434?
True
Is 13329010 a multiple of 16?
False
Is 196182876 a multiple of 142?
False
Is 161363760 a multiple of 12?
True
Is 118176826 a multiple of 89?
False
Does 1501 divide 21145018?
False
Is 1465 a factor of 580999682?
False
Is 209 a factor of 9650862?
False
Does 1249 divide 29520115?
True
Is 7396 a factor of 48724848?
True
Does 49 divide 412221418?
True
Does 1885 divide 1069852865?
False
Does 18 divide 29589138?
True
Does 18 divide 327312126?
True
Does 281 divide 84379512?
False
Is 30 a factor of 15291807?
False
Is 795148941 a multiple of 18?
False
Is 1197030581 a multiple of 586?
False
Does 3138 divide 76319298?
True
Is 947 a factor of 3135409989?
True
Is 157 a factor of 5619187?
True
Is 881074749 a multiple of 4244?
False
Is 15 a factor of 920410574?
False
Does 2367 divide 3316443297?
False
Does 171 divide 59169762?
True
Is 2239625862 a multiple of 87?
True
Is 218 a factor of 21398226?
True
Does 160 divide 108305092?
False
Is 15143880 a multiple of 8?
True
Is 62613306 a multiple of 63?
True
Is 802629653 a multiple of 287?
True
Is 17473709 a multiple of 607?
True
Is 26 a factor of 15264791?
False
Is 21 a factor of 249215945?
False
Is 225410715 a multiple of 27?
True
Is 447 a factor of 164293352?
False
Is 9781728 a multiple of 33?
True
Is 3187 a factor of 850253356?
True
Is 691974167 a multiple of 141?
False
Is 26209548 a multiple of 9?
True
Is 18 a factor of 2669627665?
False
Is 51 a factor of 51651238?
False
Is 105663570 a multiple of 572?
False
Does 1020 divide 1171313677?
False
Is 192 a factor of 953121720?
False
Does 899 divide 2491129?
True
Is 394082550 a multiple of 6978?
True
Is 3222916682 a multiple of 5933?
False
Is 51 a factor of 4882230?
True
Is 963378780 a multiple of 3395?
True
Is 8530566 a multiple of 602?
False
Is 4082315 a multiple of 1263?
False
Is 1137 a factor of 6457387295?
False
Is 224349750 a multiple of 5?
True
Does 15 divide 185252313?
False
Is 24989420 a multiple of 171?
False
Is 1473 a factor of 915286354?
False
Is 107208077 a multiple of 205?
False
Does 29 divide 108783077?
False
Is 710821795 a multiple of 43?
False
Is 61800300 a multiple of 150?
True
Does 4 divide 2025121?
False
Is 853627005 a multiple of 217?
True
Does 6326 divide 145624520?
True
Is 13446967 a multiple of 12?
False
Does 126 divide 313875450?
True
Is 150 a factor of 305724000?
True
Does 114 divide 19937004?
True
Does 29 divide 238442835?
False
Does 5028 divide 1605364980?
True
Does 6 divide 54096366?
True
Is 22 a factor of 90008264?
False
Is 112 a factor of 4305728?
True
Is 512041150 a multiple of 534?
False
Is 78186262 a multiple of 82?
True
Is 66 a factor of 1576410?
True
Does 6 divide 113843244?
True
Does 17 divide 477202325?
True
Does 8838 divide 459735084?
True
Is 2087 a factor of 1420856?
False
Is 5 a factor of 2273880?
True
Is 404 a factor of 89725976?
True
Is 757 a factor of 241370964?
True
Does 58 divide 391986?
False
Does 369 divide 101056185?
True
Is 97 a factor of 25190791?
False
Is 6893848 a multiple of 725?
False
Does 143 divide 49035576?
False
Does 13 divide 8310718?
True
Does 611 divide 364714794?
False
Is 205 a factor of 1430049045?
True
Is 16 a factor of 29033143?
False
Is 13 a factor of 72644637?
True
Is 37 a factor of 7476701?
True
Is 592 a factor of 705061499?
False
Is 12 a factor of 2511935777?
False
Does 80 divide 1152950198?
False
Is 14 a factor of 113553780?
False
Does 467 divide 582247661?
True
Is 10 a factor of 328173070?
True
Does 33 divide 230396298?
True
Is 14248600 a multiple of 20?
True
Does 315 divide 82416421?
False
Is 17 a factor of 110770890?
False
Is 3909 a factor of 339746826?
True
Does 2469 divide 1193137484?
False
Is 7975428 even?
True
Is 991475518 a multiple of 209?
True
Does 100 divide 665092600?
True
Is 4423 a factor of 485857704?
True
Is 32 a factor of 1830613152?
True
Is 60 a factor of 19863720?
True
Is 13 a factor of 9233764?
False
Is 3 a factor of 16136229?
True
Is 494314370 a multiple of 110?
True
Is 33468705 a multiple of 15?
True
Does 3 divide 8598471?
True
Is 65 a factor of 18752308?
False
Is 13 a factor of 27456750?
False
Is 15 a factor of 850066678?
False
Is 105551194 a multiple of 931?
True
Does 9 divide 74172798?
True
Does 9 divide 11445021?
True
Is 10127957 a multiple of 7?
True
Does 189 divide 493958191?
False
Does 437 divide 74488338?
False
Is 45319824 a multiple of 3179?
True
Does 172 divide 64481995?
False
Is 68337662 a multiple of 191?
False
Does 270 divide 652635268?
False
Is 118161290 a multiple of 611?
True
Does 517 divide 439428286?
True
Does 38 divide 109327959?
False
Is 361503678 a multiple of 1486?
True
Does 26 divide 287120778?
False
Is 448 a factor of 74363520?
True
Is 91 a factor of 355687605?
True
Does 93 divide 2716623?
True
Is 365 a factor of 19595755?
True
Does 92 divide 8877080?
T